prime factors of (1 + 6/(-2))*(-645)/q?
43
Suppose -3 + 5 = -c - 3*f, 0 = -4*c + 4*f - 8. List the prime factors of (-242)/c + -1*4.
3, 13
Suppose -u = -5*c + 18, -2*c - 3*c = -5*u - 30. Suppose -1 = -n + c. Suppose -4*j + t + 20 = -t, 14 = n*j + t. What are the prime factors of j?
2
Let o = -6 - 14. What are the prime factors of ((-10)/o)/((-3)/(-366))?
61
Let i(y) = y**3 - 21*y**2 + 152*y + 33. What are the prime factors of i(16)?
3, 5, 79
Let p = -4369 + 7696. List the prime factors of p.
3, 1109
Suppose 3*k - 10258 = p, 2*p + 2*p - 3441 = -k. List the prime factors of k.
11, 311
Let a be (-3)/15 + (-12)/(-10). Suppose -2*z - p + a = -2, 2*z - 2*p = 12. Let h = 16 + z. What are the prime factors of h?
19
Let h be 6*4*(66/(-8) + 6). Let d(s) = -2*s**2 + s + 4. Let t be d(-4). Let c = t - h. List the prime factors of c.
2, 11
Let a(m) = -2*m**3 + 6*m**2 + 15*m + 1. What are the prime factors of a(-5)?
2, 163
Let n = -52 - -103. Suppose n - 15 = 3*q. What are the prime factors of q?
2, 3
Suppose 0 = -3*r - 1 - 5. Let c be 1*((-6)/r + 2782). List the prime factors of (-4)/30 - c/(-75).
37
Let m = -676 + 1156. List the prime factors of m.
2, 3, 5
Suppose 1044 = 5*i + 2*t, -i = 3*i + 3*t - 831. Suppose -6 = -3*g + 78. List the prime factors of (-32)/(-10)*i/g.
2, 3
Let q(y) = -2*y**2 + y**2 + y + 3*y + 3. Let p be q(4). What are the prime factors of (26/p)/(3/9)?
2, 13
Suppose 9 = -2*n + 15. Suppose -4*p + 11 = b, 0 = 3*p - 3*b + n - 0. List the prime factors of p.
2
Let a(s) = -s**3 + 15*s**2 - 16*s - 9. Let t(f) = -f**2. Let b(i) = a(i) + t(i). What are the prime factors of b(12)?
3, 29
Suppose -2*m + 8 = 5*l, l - 16 = -l - 4*m. Let r be ((l - 2) + 2)*1. Suppose r = d - 3*c, -4*c = 2*d - 6 - 4. List the prime factors of d.
3
Suppose -6*r + r + 25 = 0. Suppose -r*l + 9*l - 176 = 0. List the prime factors of l.
2, 11
List the prime factors of 0 - 3/(-12) - 2382/(-8).
2, 149
Suppose z - 66 = 3*z. Let g be 334/(-22) - 6/z. Let s = 30 + g. What are the prime factors of s?
3, 5
Suppose 3*f - 372*g - 4158 = -369*g, 0 = 2*f - 5*g - 2772. List the prime factors of f.
2, 3, 7, 11
Let b(v) = 79*v + 42. What are the prime factors of b(5)?
19, 23
Let h(o) = -14*o**3 - 3*o**2 + 7*o + 32. List the prime factors of h(-3).
2, 181
Suppose -5*v - 5*x + 28 = -x, 0 = 2*v + 5*x - 1. Suppose 8*a - v = 4*a. Let t = a + 4. List the prime factors of t.
2, 3
Let t = 3183 - 116. What are the prime factors of t?
3067
Suppose -2*t + 0*z + z - 9 = 0, 11 = -4*t - 5*z. Let o(h) = 1 - 7*h - 12 + h**3 + 11 + 3 + 4*h**2. What are the prime factors of o(t)?
31
Let r be (5/15)/(1/6). Suppose 3*u - 14 = -5*h, 0 = 2*h + r*h - 4. Suppose -5*t + 60 = -u*t. What are the prime factors of t?
2, 3, 5
Suppose -5*w - 369 = -1419. Let x = -67 + w. List the prime factors of x.
11, 13
Let y = 1973 + -1200. List the prime factors of y.
773
Let l(t) be the first derivative of -3*t**2/2 - 21*t - 23. What are the prime factors of l(-11)?
2, 3
Let h = 1464 + 56. What are the prime factors of h?
2, 5, 19
Let m = -142 + 201. Suppose -m + 7 = -4*g. List the prime factors of g.
13
Let o be (-1)/(1/1)*-2. Let b(k) = 4*k**2 + k + 1. Let a be b(1). Suppose -21 = -4*s + v, -2*s - 2*s = o*v - a. List the prime factors of s.
2
Suppose 0 = 4525*j - 4519*j - 5370. List the prime factors of j.
5, 179
Suppose -5*p + 5*j - 4*j = -5951, 0 = -5*p - 4*j + 5946. What are the prime factors of p?
2, 5, 7, 17
Let q = 3343 + -2638. List the prime factors of q.
3, 5, 47
Let q(i) = -i**2 + 11*i - 6. Let b = 30 + -20. Let v be q(b). Suppose o + 4*y - 23 = 0, v*o - 53 = -7*y + 4*y. What are the prime factors of o?
11
Let f(c) = -c**3 - 2*c**2 + 4*c + 5. Let t be f(-3). Suppose 4 = -t*m, -63 - 61 = -3*a - m. What are the prime factors of a?
2, 3, 7
Suppose -167 = -0*z - 3*z - 4*a, -2*z = -a - 93. Let r = z + 4. Suppose 4*y - y - 5*g - 60 = 0, 2*y = -g + r. What are the prime factors of y?
5
Suppose -46*p = -2*h - 42*p + 670, -5*h - 2*p + 1627 = 0. What are the prime factors of h?
3, 109
Suppose -17220 = 898*t - 902*t. What are the prime factors of t?
3, 5, 7, 41
Let p(l) = -l**3 - 17*l**2 - 33*l + 35. What are the prime factors of p(-16)?
307
List the prime factors of -228*(4/5 - 2825/250).
2, 3, 7, 19
Suppose 4*h = -4, h + 2*h - 765 = -2*t. Suppose 90*c - 87*c = t. What are the prime factors of c?
2
Let i(t) = 2 - t**3 + 2 + 3 + 8*t**2 + 5*t - 13*t. Let n be i(7). Suppose -4*w - 185 = -5*m, -m + 6*w - 3*w + 26 = n. What are the prime factors of m?
41
Let v(j) = 11*j - 31. Let t be v(3). What are the prime factors of t/5 + (-2630)/(-50)?
53
Let v(n) = 115*n**3 + n**2 + n - 2. List the prime factors of v(1).
5, 23
Suppose -30*o - 26884 = -56*o. What are the prime factors of o?
2, 11, 47
Let s = 189 + -385. Let b be (-6)/(-27) + s/(-9). Suppose b = 2*t - 32. List the prime factors of t.
3
Let u = 1228 - -788. What are the prime factors of u?
2, 3, 7
Suppose 0 = 9*m - 29 - 16. Suppose m*o + 22 = 3*z - 19, 0 = z + 3*o - 9. What are the prime factors of z?
2, 3
Suppose -25*x + 19722 = -17503. List the prime factors of x.
1489
Let d = 968 - 517. List the prime factors of d.
11, 41
Let l(o) = -3*o**3 - 33*o**2 + 28*o + 17. What are the prime factors of l(-15)?
2297
Let s = 18 + -16. Suppose -42 = -5*u - s. Suppose r - u = 9. List the prime factors of r.
17
Let i(d) be the first derivative of 9*d**2/2 - 5*d + 1. What are the prime factors of i(2)?
13
Let h(y) = 3*y**2 + 2*y. List the prime factors of h(-5).
5, 13
Suppose -1827*p + 62 = -1826*p. Let b(l) = 2*l**2 + 2*l. Let w be b(-2). Suppose p = d + s, w*d - s = -d + 280. List the prime factors of d.
3, 19
Let a = -313 + 477. Let d = a - 24. Suppose -5*x - 5*p - 42 = -222, 5*p + d = 5*x. List the prime factors of x.
2
Let d = 981 + -937. List the prime factors of d.
2, 11
Let y be ((-4)/(-5))/((-2)/(-10)). Suppose 0 = -m - 2*v + 65, -2*m + 5*v - 125 = -y*m. List the prime factors of m.
3, 5
List the prime factors of (-260)/(-156) - (-2737)/3.
2, 457
What are the prime factors of (-3 - 43901/44)*-4?
4003
Let m be (8/(-4) - -1)*(-3)/(-3). Let j(a) = -29*a - 3. What are the prime factors of j(m)?
2, 13
Let r be 1/(-2) - 364/8. Let f be 2 + 0 - (r - 1). Suppose 2*y - 8 = -d + 70, -2*d - f = -y. List the prime factors of y.
41
Suppose s - 1 - 4 = 0. List the prime factors of (6/s)/(24/(-60))*-85.
3, 5, 17
Let v = 75 + -121. Let w = 239 - v. What are the prime factors of w?
3, 5, 19
Suppose -22 = -5*h + 3. Let f(y) = 5 + 3*y + h - 6. What are the prime factors of f(3)?
13
Suppose 4*k - 3*a + 12 = 0, -k - 2*a + 4 = -a. Suppose 0 = 3*u + 5*q - 10, k*u - 9 = -u + 4*q. List the prime factors of u.
5
Suppose -k = -4*w - 10, 0 = 2*k + 4*w + 5 - 1. Let c = 54 - 24. Suppose -c = -4*u + k*u. What are the prime factors of u?
3, 5
Let b(p) = 8*p - 6. Let t(g) = g - 1. Let f(u) = -b(u) + 3*t(u). Let x be f(-3). What are the prime factors of ((-22)/3)/(x/(-27))?
11
Suppose 10 = 5*q, 2*l - q + 3 = 7. Suppose -j = j - 2*d + 16, l*d = 2*j + 21. What are the prime factors of -2 + (-5 - j - -23)?
19
Let o(l) = 4*l**2 - 1. Let z be o(-1). Suppose -3*b - z + 66 = 0. Suppose 0 = -2*j - j + b. What are the prime factors of j?
7
What are the prime factors of (-25 + -7)/8 + 31 + 0?
3
Let j(q) = 83*q + 749. What are the prime factors of j(0)?
7, 107
Suppose 6*o = 2*o - 4. Let h(k) = -49*k**3 + 3*k + 2. List the prime factors of h(o).
2, 3
Let i(c) = 4*c + 106. List the prime factors of i(-13).
2, 3
Let a(q) be the first derivative of -q**4/4 + 7*q**3/3 + 3*q**2/2 - 5*q - 15. What are the prime factors of a(6)?
7
Let b(z) = -2*z**3 - 6*z**2 - 4*z + 20. Let d = -119 + 113. What are the prime factors of b(d)?
2, 5, 13
Suppose 3*g + 5*y + 3 = 0, -8 = -6*g + g - 4*y. List the prime factors of g/(-22) - (-1412)/22.
2
Let b = -1305 + 3994. What are the prime factors of b?
2689
Suppose 3*i = 90 + 1470. List the prime factors of i/16 + 2/(8/6).
2, 17
Let q be (2/(-4))/((-1)/(-12)). Let b(l) = -2*l - 7. Let z be b(q). Let f = 16 - z. List the prime factors of f.
11
Suppose 4*r = 5*r. Let j be r/(2*(-3)/6). Suppose j = -v + 7 + 21. What are the prime factors of v?
2, 7
What are the prime factors of 2810 - (-19 - (1 + -9))?
7, 13, 31
Let s = -6 - -8. Let d be 3*-206*s/12. Let z = d + 154. What are the prime factors of z?